{"id":641,"date":"2012-01-06T10:30:43","date_gmt":"2012-01-06T14:30:43","guid":{"rendered":"http:\/\/localhost\/modernize\/?page_id=641"},"modified":"2023-04-08T14:50:17","modified_gmt":"2023-04-08T18:50:17","slug":"comentarios-de-pacientes","status":"publish","type":"page","link":"https:\/\/webexito.com\/wmp\/comentarios-de-pacientes\/","title":{"rendered":"Comentarios de Pacientes"},"content":{"rendered":"\t\t<div data-elementor-type=\"wp-page\" data-elementor-id=\"641\" class=\"elementor elementor-641\" data-elementor-post-type=\"page\">\n\t\t\t\t\t\t<section class=\"elementor-section elementor-top-section elementor-element elementor-element-0b1a33d elementor-section-boxed elementor-section-height-default elementor-section-height-default\" data-id=\"0b1a33d\" data-element_type=\"section\">\n\t\t\t\t\t\t<div class=\"elementor-container elementor-column-gap-default\">\n\t\t\t\t\t<div class=\"elementor-column elementor-col-50 elementor-top-column elementor-element elementor-element-cf3012b\" data-id=\"cf3012b\" data-element_type=\"column\" data-settings=\"{&quot;background_background&quot;:&quot;classic&quot;}\">\n\t\t\t<div class=\"elementor-widget-wrap elementor-element-populated\">\n\t\t\t\t\t\t<div class=\"elementor-element elementor-element-d29c251 elementor-widget elementor-widget-text-editor\" data-id=\"d29c251\" data-element_type=\"widget\" data-widget_type=\"text-editor.default\">\n\t\t\t\t<div class=\"elementor-widget-container\">\n\t\t\t\t\t\t\t\t\t<p>\u00abMi hija de 17 a\u00f1os qued\u00f3 embarazada y no estaba\u00a0 preparada para ser madre.\u00a0 Mi\u00a0 ginec\u00f3logo de confianza me recomend\u00f3\u00a0 a Women\u2019s Medical Pavilion y \u00e9l mismo nos hizo la cita para que la atendieran.\u00a0 <b>Estamos muy satisfechos\u00a0 con el servicio que recibimos.\u00a0 Los recomendar\u00e9\u00a0 a ojo cerrado si alguien que conozca necesitara atenderse<\/b>.\u00bb<\/p>\t\t\t\t\t\t\t\t<\/div>\n\t\t\t\t<\/div>\n\t\t\t\t\t<\/div>\n\t\t<\/div>\n\t\t\t\t<div class=\"elementor-column elementor-col-50 elementor-top-column elementor-element elementor-element-ac6a79b\" data-id=\"ac6a79b\" data-element_type=\"column\" data-settings=\"{&quot;background_background&quot;:&quot;classic&quot;}\">\n\t\t\t<div class=\"elementor-widget-wrap elementor-element-populated\">\n\t\t\t\t\t\t<div class=\"elementor-element elementor-element-c42e5f5 elementor-widget elementor-widget-text-editor\" data-id=\"c42e5f5\" data-element_type=\"widget\" data-widget_type=\"text-editor.default\">\n\t\t\t\t<div class=\"elementor-widget-container\">\n\t\t\t\t\t\t\t\t\t<p>\u00abAgradecida de las atenciones y el profesionalismo de todo el personal. <b>Me sent\u00ed segura y confiada desde que me recibieron.<\/b>\u00ab<\/p>\t\t\t\t\t\t\t\t<\/div>\n\t\t\t\t<\/div>\n\t\t\t\t\t<\/div>\n\t\t<\/div>\n\t\t\t\t\t<\/div>\n\t\t<\/section>\n\t\t\t\t<section class=\"elementor-section elementor-top-section elementor-element elementor-element-1e28587 elementor-section-boxed elementor-section-height-default elementor-section-height-default\" data-id=\"1e28587\" data-element_type=\"section\">\n\t\t\t\t\t\t<div class=\"elementor-container elementor-column-gap-default\">\n\t\t\t\t\t<div class=\"elementor-column elementor-col-50 elementor-top-column elementor-element elementor-element-987c1de\" data-id=\"987c1de\" data-element_type=\"column\" data-settings=\"{&quot;background_background&quot;:&quot;classic&quot;}\">\n\t\t\t<div class=\"elementor-widget-wrap elementor-element-populated\">\n\t\t\t\t\t\t<div class=\"elementor-element elementor-element-b4a7dec elementor-widget elementor-widget-text-editor\" data-id=\"b4a7dec\" data-element_type=\"widget\" data-widget_type=\"text-editor.default\">\n\t\t\t\t<div class=\"elementor-widget-container\">\n\t\t\t\t\t\t\t\t\t<p><span class=\"s1\">\u00abUna amiga me habl\u00f3 de esta cl\u00ednica y por eso la seleccion\u00e9. Ten\u00eda toda la raz\u00f3n. <b>Buen trato, amabilidad, hasta me dieron cari\u00f1o cuando m\u00e1s lo necesitaba.<\/b>\u00ab<\/span><\/p>\t\t\t\t\t\t\t\t<\/div>\n\t\t\t\t<\/div>\n\t\t\t\t\t<\/div>\n\t\t<\/div>\n\t\t\t\t<div class=\"elementor-column elementor-col-50 elementor-top-column elementor-element elementor-element-f8803a2\" data-id=\"f8803a2\" data-element_type=\"column\" data-settings=\"{&quot;background_background&quot;:&quot;classic&quot;}\">\n\t\t\t<div class=\"elementor-widget-wrap elementor-element-populated\">\n\t\t\t\t\t\t<div class=\"elementor-element elementor-element-1e3447f elementor-widget elementor-widget-text-editor\" data-id=\"1e3447f\" data-element_type=\"widget\" data-widget_type=\"text-editor.default\">\n\t\t\t\t<div class=\"elementor-widget-container\">\n\t\t\t\t\t\t\t\t\t<p><span class=\"s1\">\u00abMe hab\u00edan hablado de esta cl\u00ednica\u00a0muy bien pero super\u00f3 todo lo que me hab\u00edan dicho. <b>El m\u00e9dico muy amable y profesional, las enfermeras muy atentas y el lugar super limpio<\/b> y\u00a0 super organizado.\u00bb<\/span><\/p>\t\t\t\t\t\t\t\t<\/div>\n\t\t\t\t<\/div>\n\t\t\t\t\t<\/div>\n\t\t<\/div>\n\t\t\t\t\t<\/div>\n\t\t<\/section>\n\t\t\t\t<section class=\"elementor-section elementor-top-section elementor-element elementor-element-ad39dad elementor-section-boxed elementor-section-height-default elementor-section-height-default\" data-id=\"ad39dad\" data-element_type=\"section\">\n\t\t\t\t\t\t<div class=\"elementor-container elementor-column-gap-default\">\n\t\t\t\t\t<div class=\"elementor-column elementor-col-50 elementor-top-column elementor-element elementor-element-1d76e61\" data-id=\"1d76e61\" data-element_type=\"column\" data-settings=\"{&quot;background_background&quot;:&quot;classic&quot;}\">\n\t\t\t<div class=\"elementor-widget-wrap elementor-element-populated\">\n\t\t\t\t\t\t<div class=\"elementor-element elementor-element-43e7390 elementor-widget elementor-widget-text-editor\" data-id=\"43e7390\" data-element_type=\"widget\" data-widget_type=\"text-editor.default\">\n\t\t\t\t<div class=\"elementor-widget-container\">\n\t\t\t\t\t\t\t\t\t<p>\u00ab\u00a1Que bueno que en Puerto Rico existe un lugar como Women\u2019s Medical Pavilion! <b>Limpio, moderno, seguro y sobre todo entendieron mi problema y me ayudaron a resolverlo<\/b> con profesionalismo.\u00bb<\/p>\t\t\t\t\t\t\t\t<\/div>\n\t\t\t\t<\/div>\n\t\t\t\t\t<\/div>\n\t\t<\/div>\n\t\t\t\t<div class=\"elementor-column elementor-col-50 elementor-top-column elementor-element elementor-element-ace03fe\" data-id=\"ace03fe\" data-element_type=\"column\" data-settings=\"{&quot;background_background&quot;:&quot;classic&quot;}\">\n\t\t\t<div class=\"elementor-widget-wrap elementor-element-populated\">\n\t\t\t\t\t\t<div class=\"elementor-element elementor-element-494abf4 elementor-widget elementor-widget-text-editor\" data-id=\"494abf4\" data-element_type=\"widget\" data-widget_type=\"text-editor.default\">\n\t\t\t\t<div class=\"elementor-widget-container\">\n\t\t\t\t\t\t\t\t\t<p><span class=\"s1\">\u00abHace 2 a\u00f1os me atend\u00ed en otra cl\u00ednica. Lamentablemente volv\u00ed a quedar embarazada y tampoco ahora pod\u00eda continuarlo. Lo que s\u00ed ten\u00eda claro era que no volver\u00eda al mismo lugar de la primera vez era un lugar desagradable no muy limpio y la atenci\u00f3n no fue la mejor. El trato&nbsp; fue bien impersonal me trataron como a una cliente en vez de una&nbsp;<\/span><span class=\"s2\">paciente<\/span><span class=\"s1\">. Sin embargo, <b>en Women\u2019s Medical Pavilion fue todo lo contrario, desde que llam\u00e9 para informarme sent\u00ed que eran muy profesionales y amables.<\/b> En la cl\u00ednica me sent\u00ed bien atendida y bien acompa\u00f1ada&nbsp; !Gracias!&nbsp; Por entender mi dif\u00edcil situaci\u00f3n y ayudarme a&nbsp;resolver mi problema.\u00bb<\/span><\/p>\t\t\t\t\t\t\t\t<\/div>\n\t\t\t\t<\/div>\n\t\t\t\t\t<\/div>\n\t\t<\/div>\n\t\t\t\t\t<\/div>\n\t\t<\/section>\n\t\t\t\t<section class=\"elementor-section elementor-top-section elementor-element elementor-element-9f95472 elementor-section-boxed elementor-section-height-default elementor-section-height-default\" data-id=\"9f95472\" data-element_type=\"section\">\n\t\t\t\t\t\t<div class=\"elementor-container elementor-column-gap-default\">\n\t\t\t\t\t<div class=\"elementor-column elementor-col-100 elementor-top-column elementor-element elementor-element-bdf3236\" data-id=\"bdf3236\" data-element_type=\"column\">\n\t\t\t<div class=\"elementor-widget-wrap elementor-element-populated\">\n\t\t\t\t\t\t<div class=\"elementor-element elementor-element-7bbcc66 elementor-widget elementor-widget-image\" data-id=\"7bbcc66\" data-element_type=\"widget\" data-widget_type=\"image.default\">\n\t\t\t\t<div class=\"elementor-widget-container\">\n\t\t\t\t\t\t\t\t\t\t\t\t\t\t\t<img fetchpriority=\"high\" decoding=\"async\" width=\"1024\" height=\"467\" src=\"https:\/\/webexito.com\/wmp\/wp-content\/uploads\/2023\/02\/comentarios-de-pacientes-que-han-realiado-aborto-en-puerto-rico-1024x467.jpg\" class=\"attachment-large size-large wp-image-4678\" alt=\"experiencias de mujeres que han realizado aborto\" srcset=\"https:\/\/webexito.com\/wmp\/wp-content\/uploads\/2023\/02\/comentarios-de-pacientes-que-han-realiado-aborto-en-puerto-rico-1024x467.jpg 1024w, https:\/\/webexito.com\/wmp\/wp-content\/uploads\/2023\/02\/comentarios-de-pacientes-que-han-realiado-aborto-en-puerto-rico-300x137.jpg 300w, https:\/\/webexito.com\/wmp\/wp-content\/uploads\/2023\/02\/comentarios-de-pacientes-que-han-realiado-aborto-en-puerto-rico-768x350.jpg 768w, https:\/\/webexito.com\/wmp\/wp-content\/uploads\/2023\/02\/comentarios-de-pacientes-que-han-realiado-aborto-en-puerto-rico-1536x700.jpg 1536w, https:\/\/webexito.com\/wmp\/wp-content\/uploads\/2023\/02\/comentarios-de-pacientes-que-han-realiado-aborto-en-puerto-rico-2048x934.jpg 2048w\" sizes=\"(max-width: 1024px) 100vw, 1024px\" \/>\t\t\t\t\t\t\t\t\t\t\t\t\t\t\t<\/div>\n\t\t\t\t<\/div>\n\t\t\t\t\t<\/div>\n\t\t<\/div>\n\t\t\t\t\t<\/div>\n\t\t<\/section>\n\t\t\t\t<\/div>\n\t\t","protected":false},"excerpt":{"rendered":"<p>\u00abMi hija de 17 a\u00f1os qued\u00f3 embarazada y no estaba&nbsp; preparada para ser madre.&nbsp; Mi&nbsp; ginec\u00f3logo de confianza me recomend\u00f3&nbsp; a Women\u2019s Medical Pavilion y \u00e9l mismo nos hizo la cita para que la atendieran.&nbsp; Estamos muy satisfechos&nbsp; con el servicio que recibimos.&nbsp; Los recomendar\u00e9&nbsp; a ojo cerrado si alguien que conozca necesitara atenderse.\u00bb \u00abAgradecida [&hellip;]<\/p>\n","protected":false},"author":4,"featured_media":0,"parent":0,"menu_order":0,"comment_status":"closed","ping_status":"closed","template":"","meta":{"footnotes":""},"class_list":["post-641","page","type-page","status-publish","hentry"],"blocksy_meta":{"styles_descriptor":{"styles":{"desktop":"","tablet":"","mobile":""},"google_fonts":[],"version":6}},"_links":{"self":[{"href":"https:\/\/webexito.com\/wmp\/wp-json\/wp\/v2\/pages\/641","targetHints":{"allow":["GET"]}}],"collection":[{"href":"https:\/\/webexito.com\/wmp\/wp-json\/wp\/v2\/pages"}],"about":[{"href":"https:\/\/webexito.com\/wmp\/wp-json\/wp\/v2\/types\/page"}],"author":[{"embeddable":true,"href":"https:\/\/webexito.com\/wmp\/wp-json\/wp\/v2\/users\/4"}],"replies":[{"embeddable":true,"href":"https:\/\/webexito.com\/wmp\/wp-json\/wp\/v2\/comments?post=641"}],"version-history":[{"count":13,"href":"https:\/\/webexito.com\/wmp\/wp-json\/wp\/v2\/pages\/641\/revisions"}],"predecessor-version":[{"id":4789,"href":"https:\/\/webexito.com\/wmp\/wp-json\/wp\/v2\/pages\/641\/revisions\/4789"}],"wp:attachment":[{"href":"https:\/\/webexito.com\/wmp\/wp-json\/wp\/v2\/media?parent=641"}],"curies":[{"name":"wp","href":"https:\/\/api.w.org\/{rel}","templated":true}]}}